Suppose -72 = -4*v - 2*b, -25 = -v - 0*v - 4*b. Suppose 641 + 668 = 7*y. Calculate the highest common factor of y and v.
17
Let w be (-80)/28*(-28)/8. Let i = 3 + 7. What is the greatest common factor of w and i?
10
Let c(m) = -26*m - 56. Let h be c(-8). Let g = h - 98. What is the greatest common factor of g and 18?
18
Let b be (8/10)/1*5. Let a(c) = 69*c + 422. Let y be a(-6). What is the highest common divisor of y and b?
4
Suppose -5*s + 7*s = -4*y + 8, 2*y - 4 = -3*s. Suppose x - 4*x + 126 = s. What is the highest common factor of 84 and x?
42
Suppose -12*x - 1880 = -17*x. Calculate the highest common factor of x and 47.
47
Let p(i) = i + 10 + 2 - i**2 - 12. Let v be p(2). Let t be v/(-3)*(-54)/(-4). What is the greatest common divisor of t and 81?
9
Let m = -69 - -165. What is the highest common factor of 240 and m?
48
Let s(c) = c + 20. Let l be s(32). Calculate the greatest common factor of 260 and l.
52
Let v be 3/(-6) + 31804/8 + 1. Calculate the greatest common divisor of v and 14.
14
Suppose -96*w - 4225 = -109*w. What is the highest common factor of 50 and w?
25
Let h(b) = b**2 - 76*b + 559. Let g be h(74). Calculate the highest common factor of 3 and g.
3
Let b be (-8)/32 - 166/8. Let j = -15 - b. Suppose -2*w = 15*w - 102. Calculate the greatest common factor of w and j.
6
Let x = 0 - 5. Let j = x + 10. Let g(p) = 2*p**2 - 3*p - 5. Let o be g(j). What is the highest common divisor of o and 45?
15
Let j(q) = q**3 - 8*q**2 + q - 6. Let i be j(9). Suppose -30*z + i = -27*z. Calculate the greatest common factor of 21 and z.
7
Suppose 90 = 2*v - 4. Let w = 68 - v. Let x = -4 - -7. What is the greatest common factor of x and w?
3
Let a(m) = -m**3 + 4*m**2 + 10*m - 1. Let y be a(6). Let v = y + 16. Calculate the greatest common divisor of v and 3.
3
Let y be (-1)/((-3 - -2)/43). Let k = y - 31. Let n(z) = -z**3 + 14*z**2 - 13*z + 11. Let g be n(k). Calculate the highest common factor of 13 and g.
13
Suppose -10*c = -11 + 51. Let q(o) = 10*o**2 + o - 1. Let g be q(c). Calculate the highest common factor of 31 and g.
31
Let g(t) = 6*t + 2. Let h be g(3). Let a = 28 - h. Suppose -2*r - a = -12. What is the highest common factor of 2 and r?
2
Let b be 1 + (-3 - -5 - (-1 - 2)). What is the greatest common factor of b and 39?
3
Suppose 576 + 384 = 10*g. Calculate the highest common divisor of g and 36.
12
Let f(g) = g**2 + 6*g + 7. Let h be f(-5). Suppose h*c - 3 = c. Suppose -d + c = -3. Calculate the highest common factor of 66 and d.
6
Let k(j) = 97*j**2 + 2*j - 2. Let h be k(1). Let l = h + -67. Calculate the greatest common divisor of 5 and l.
5
Let t(y) = y**2 + 3*y - 6. Let p be t(-5). Suppose -j + p*r + 5 = 0, -50 = -5*j + 2*r - 7*r. What is the highest common divisor of j and 18?
9
Suppose 54 + 186 = 6*g. Calculate the highest common factor of g and 360.
40
Suppose -4*f + 4 + 44 = 0. Let h(p) = -p**3 + 5*p**2 - 4*p - 1. Let u be h(3). Let a = f - u. What is the greatest common factor of 7 and a?
7
Let n(o) = o**2 - 2*o - 33. Let s be n(-9). What is the greatest common divisor of 44 and s?
22
Let p be 592/80 - 4/10. Let a be 152/p - 2/(-7). Calculate the highest common divisor of 33 and a.
11
Suppose -2*d + 3*o - 2*o + 92 = 0, 0 = 3*d + 3*o - 156. Calculate the greatest common factor of d and 15.
3
Let t(n) = n + 0*n - 2*n + 24. Let f(q) = -q**3 - 8*q**2 - 9*q - 14. Let d be f(-7). Let w be t(d). What is the greatest common divisor of w and 216?
24
Let m(x) = x**2 + 9. Let o be m(0). Let h = 2 + 41. Let w = h + -34. Calculate the highest common divisor of w and o.
9
Suppose 0 = -5*t - 3*c + 28, 0 = -t + 121*c - 120*c + 12. What is the greatest common factor of t and 356?
4
Suppose -17*f = -12*f. Let w be (2 - -10) + (0 - f). Let d = 23 - 17. Calculate the greatest common factor of w and d.
6
Suppose 0 = 5*v - 3*c + 354 - 1086, 5*v + 4*c = 739. Calculate the highest common factor of v and 3.
3
Suppose -2 = -4*h + 2. Suppose 4*m - 3 = 5. What is the greatest common divisor of h and m?
1
Let i be (-4)/(-26) - (-1281)/39. Suppose -4*z - 15 = i. Let f be (-2)/(8/z) + 1. Calculate the highest common factor of f and 44.
4
Suppose -264 = 40*w - 44*w. Calculate the greatest common factor of 286 and w.
22
Suppose 72 = w + 3*r, -5*r = -3*r - 6. Let s = -9 + 11. Suppose a + 2*q + 3 = 4*q, s*a - 3*q + 1 = 0. Calculate the highest common factor of a and w.
7
Suppose 0 = -4*u + 2*u + 5*d + 460, 4*u + 5*d - 950 = 0. Let p = -163 + u. Suppose -p = 2*l - 10*l. Calculate the greatest common factor of l and 9.
9
Suppose 182 = -g + 216. What is the greatest common factor of g and 493?
17
Let j be 5/(100/(-8))*25/(-10). Let b = 10 + -9. Calculate the highest common factor of b and j.
1
Let c(o) = 3*o**3 - 3*o**2 - 7*o + 8. Let n be c(3). What is the highest common factor of 1148 and n?
41
Let c(y) = -56*y - 3. Let n be c(-3). Let o be (-6)/5*n/(-6). What is the greatest common factor of o and 165?
33
Suppose -22*k + 10 = -17*k. Let x be 40/k*(-32)/(-80). Calculate the greatest common divisor of 72 and x.
8
Let k(t) = 8*t - 2. Let y be k(7). Let w = y + 51. What is the greatest common factor of 35 and w?
35
Let h = -33 - -48. Suppose b + b - h = -l, 4*b = -l + 23. Calculate the greatest common divisor of l and 56.
7
Suppose 3*m - 9 - 3 = 0. Let x be (-4 - 20/m)/(-1). Let b(g) = g**2 - 8*g + 1. Let s be b(x). Calculate the greatest common factor of 40 and s.
10
Let w(o) = o + 4. Suppose -4*y + 30 = -18. Let z be w(y). Calculate the greatest common factor of z and 64.
16
Suppose 1480 = 11*t - 2095. What is the greatest common divisor of t and 91?
13
Let t be 42/3*(2 + 15/(-10)). Let q be 9 - t - (-2 + 1). Calculate the highest common factor of q and 3.
3
Let r be 2/(-10) - (-26)/5. Let g be 1/(-2)*(-7 + 3). Suppose 4*z - 5*h = 0, -4*z + 36 = g*h + 2*h. What is the greatest common divisor of z and r?
5
Let h(c) = 9*c - 2. Let r be h(2). Suppose 0 = 2*z + 5 + 15. Let a = r + z. What is the greatest common divisor of 3 and a?
3
Let a(o) = 6*o - 20. Let n be a(8). Let t = n - 24. Suppose 4*b + 4*w - 196 = -0*w, -193 = -t*b - w. What is the highest common factor of 12 and b?
12
Suppose -8 = -d + 4*z, 0 = -5*d + d - 4*z + 92. Let v(h) = -21*h - 2. Let l be v(-2). Calculate the greatest common divisor of l and d.
20
Let h(x) be the third derivative of -x**4/24 + x**3/2 - 2*x**2. Let m be h(-5). Let b = -95 - -115. What is the greatest common factor of m and b?
4
Suppose -4*p = 5*k - 27, -8 - 29 = -5*p - 3*k. Let n(o) = o**2 - 3*o + 2. Let a be n(p). Calculate the highest common factor of 14 and a.
14
Let t = -19 + 24. Suppose t - 11 = -u. Let n(o) = o**2 + 10*o + 6. Let v be n(-12). Calculate the greatest common divisor of u and v.
6
Let y be -1 + 2 + -3 - -62. Suppose 220 = 15*m - 10*m - o, 0 = 4*m - 3*o - 165. What is the greatest common divisor of y and m?
15
Let r(c) = c + 34. Let i be ((-18)/(-27))/((-4)/54). Let j be r(i). Calculate the highest common divisor of j and 200.
25
Suppose 58*r = 39*r + 1862. What is the greatest common factor of r and 28?
14
Let h be -1 + 965/(-20) + 2/8. Let s = 89 + h. Calculate the greatest common factor of 16 and s.
8
Let f(w) = -w**3 - 21*w**2 + 104. Let j be f(-21). Let p be 2 - (-24 - -1) - -1. What is the greatest common factor of p and j?
26
Let m = 302 - -4. Suppose -d = -m - 18. What is the highest common divisor of d and 54?
54
Let c be (0 - -1) + 3 + 1. Suppose 8 = 4*x + 2*p, 2*x + p = c*p - 16. Suppose -u + x*u = -3. What is the greatest common divisor of 21 and u?
3
Let f = 98 + -63. Let a(y) = -y**3 + 11*y**2 + 10*y + 29. Let p be a(12). What is the greatest common factor of f and p?
5
Let j(x) = x + 16. Let a be 4/22 - (-145)/(-11). Let i be j(a). Suppose 84 = -h + i*h. Calculate the greatest common factor of h and 14.
14
Suppose -5*b + 2*w = -244, b - 212 = -3*b - 4*w. What is the highest common factor of b and 575?
25
Suppose 34*b = -31*b + 58*b + 21. Let o be 2/4 - (-53)/2. What is the highest common factor of o and b?
3
Suppose -2*p - 2*f - 12 = -78, 2*p - f - 57 = 0. What is the greatest common factor of 150 and p?
30
Suppose 59 = 6*k + 11. Suppose k*w - 55 + 351 = 0. Let r = w + 89. What is the highest common divisor of 78 and r?
26
Let d(r) = 2*r + 10. Let p be d(-4). Let i = 11 - -3. What is the great